 = d - -8. What is the remainder when 33 is divided by a?
3
Let d(c) be the first derivative of 7*c**2/2 + 19*c - 7. Let a be d(7). Let b = -48 + a. What is the remainder when b is divided by 11?
9
Let l = 78 + -81. Calculate the remainder when l/2*24/(-9) is divided by 3.
1
Let n = 841 + -744. Calculate the remainder when n is divided by 9.
7
Calculate the remainder when 1253 is divided by (16/(-48))/((-195)/(-198) - 1).
21
Suppose m - s - 8 + 2 = 0, -3*m = 4*s - 39. Calculate the remainder when 476 is divided by m.
8
Let j = -47 + 136. Suppose -4*u = 3*d - 131 - 56, -2*u = d - 93. Calculate the remainder when j is divided by u.
43
Suppose 37*y = 42*y - 45. What is the remainder when 16 is divided by y?
7
Suppose -2*s + 8 = -j, 0*j + 3*j = -4*s - 24. Let v(a) = -a**2 - 13*a - 25. What is the remainder when 40 is divided by v(j)?
10
Suppose 5*f - 393 = 42. Suppose -4*t = -93 - f. Let p = 84 - t. What is the remainder when p is divided by 10?
9
Let o(b) = 5 - 3*b + 5*b - b. Calculate the remainder when (420/(-28))/(6/(-10)) is divided by o(4).
7
Let s = 110 + -45. Suppose -5*r + 354 = 21*x - 18*x, 0 = x - 3*r - 146. Calculate the remainder when x is divided by s.
63
Let a(n) = -n**2 + 13*n - 10. Calculate the remainder when a(9) is divided by 17.
9
Suppose -2 = -3*q + 2*q. Suppose 2*z - d = -3*z + 209, 128 = 3*z + q*d. What is the remainder when z is divided by 0 - 6*10/(-4)?
12
Suppose 4*r + 3 = 11. Suppose 4*i = 20, r*i - 5 - 27 = -2*v. Let x(s) = s**2 - 9*s - 10. Calculate the remainder when x(v) is divided by 8.
4
Suppose 2*w + 3*v - 2*v - 24 = 0, -28 = -2*w - 2*v. Let g = 7 + w. What is the remainder when g is divided by 5?
2
Suppose -37*k = -49*k + 372. What is the remainder when 309 is divided by k?
30
Let z = 366 - 364. What is the remainder when 2 is divided by z?
0
Suppose -34 = -8*i + 46. Calculate the remainder when i is divided by 7.
3
Let t(l) = -58*l + 57*l + 7 + 5. Calculate the remainder when 58 is divided by t(-8).
18
Let x(r) = -r**3 - 3*r**2 - r + 4. Suppose 3*i = 5*u - 25, -u - 11 = u + 3*i. Suppose -u*m + 3 = -29. What is the remainder when x(-5) is divided by m?
11
Calculate the remainder when -9 - 598/(-18) - (-4)/(-18) is divided by 2.
0
Let i be (24/15)/(4/10). Suppose -36 = -i*p + 4*b, 3*b - 61 = -5*p - 0*b. What is the remainder when 31 is divided by p?
9
Suppose -25 = -5*w, -x + 3*w + 60 = -45. Calculate the remainder when x is divided by 62.
58
Suppose 5*v = 3*g + 81, -2*v = -v + 3. Let t = -19 - g. Calculate the remainder when t is divided by 5.
3
Let v(r) = -r + 4. Let q be v(-3). Let x(i) = -32 - 17*i + 39 + q*i**2 - 22*i**2 - i**3. What is the remainder when x(-14) is divided by 17?
15
Suppose 2*z - 63 = 2*u + 75, -4*z + 5*u + 275 = 0. Calculate the remainder when z is divided by 6 - (56/(-3) + (-32)/(-12) + -2).
22
Let h(w) = 4*w**3 - w**2 + w. Let j = -54 + 53. Let s = 1 - j. What is the remainder when h(1) is divided by s?
0
Suppose 0 = -4*o - 19*j + 15*j + 116, 3*j = 5*o - 129. What is the remainder when 211 is divided by o?
22
What is the remainder when 357 is divided by 6/(-9 + (6 - -4))?
3
Let r = 53 + 41. Let b = 78 - 46. Calculate the remainder when r is divided by b.
30
Suppose -5*l + 60 = -4*a, 7*l - 4*l = -2*a + 36. Calculate the remainder when 45 is divided by l.
9
What is the remainder when 40 is divided by 28/6*1/4*6?
5
Suppose 0 = 3*o - 5*s - 73, 0*s + 59 = 3*o + 2*s. Let y = 145 + -85. What is the remainder when y is divided by o?
18
Let y = 23 - 13. Suppose -b = 2*t - y, -5*b - t + 26 = -3*t. Calculate the remainder when 3 - 0 - (-2 - 18) is divided by b.
5
Let v = -32 - -75. What is the remainder when v is divided by 12?
7
Let a(s) = -3*s**3 + 3*s**2 - s + 10. Let i be a(3). Let d = 51 + i. Calculate the remainder when 10 is divided by d.
2
Suppose -5*w - 2*m = -508, -81 - 11 = -w + 2*m. Suppose -2*u + 7 - 65 = -4*h, 4*u - 37 = -h. What is the remainder when w is divided by h?
15
Let h = 97 + -79. Suppose m + h = 30. What is the remainder when 23 is divided by m?
11
Let h = 6 - 62. What is the remainder when 163 is divided by 108/7 + 24/h?
13
Let r = 198 + -176. Calculate the remainder when 151 is divided by r.
19
Let f(c) = -32*c - 75. Let p(l) = l**3 - l**2 + l - 1. What is the remainder when f(-3) is divided by p(2)?
1
Suppose 4*f - 7*f = -255. Suppose 20 = -5*z + f. Let v(g) = -g**3 + g**2 - g - 1. Calculate the remainder when v(-3) is divided by z.
12
Suppose -934 = -5*b - 209. Let l = b - 111. Calculate the remainder when l is divided by 20.
14
Let u(h) = -3*h + 4. Let s(a) = 22*a + 33*a**2 + 1 - 12*a**2 - 17*a**2. Calculate the remainder when s(-7) is divided by u(-4).
11
Let u = 727 + -699. What is the remainder when 147 is divided by u?
7
Suppose -14*z - 6*z + 1960 = 0. What is the remainder when z is divided by 17?
13
Let w = 359 - 238. What is the remainder when 124 is divided by w?
3
Let g = 32 + 8. Suppose 44 = v + g. Calculate the remainder when 18 is divided by v.
2
Let x be 1 + 1 + (-16)/1. Let q(m) = 2*m + 47. Let b be q(-22). Let o = b - x. Calculate the remainder when o is divided by 5.
2
Suppose -i = -1 - 2. What is the remainder when i is divided by 1?
0
Let x = -40 + 44. Suppose u - 75 = -x*s, 0*u - 398 = -5*u + 3*s. Calculate the remainder when u is divided by 10.
9
Suppose h + 45 = p, -2*p - 3*p - h = -231. Let k = -4 - -22. Suppose 0 = c + g - k, -40 = -3*c - g + 5*g. Calculate the remainder when p is divided by c.
14
Suppose 103*z = 115*z - 960. What is the remainder when 715 is divided by z?
75
Let g(l) be the first derivative of -7*l**2/2 - 2*l - 39. What is the remainder when g(-13) is divided by 7?
5
Suppose 5*b + 2*h - 91 = -h, 0 = -h - 3. Calculate the remainder when 63 is divided by 2 - 8*b/(-8).
19
What is the remainder when 222 is divided by 206*1 + -9 + 9?
16
Suppose 9*j - m = 5*j + 104, 0 = -3*j - 4*m + 97. What is the remainder when j is divided by (1 - 3)/(-2)*15?
12
Suppose 5*o = 3*f - 18, 0 = 2*f - 101*o + 102*o - 38. Let k be 2/(-1)*43 - 0. Let i = -55 - k. Calculate the remainder when i is divided by f.
15
Suppose 6845 = 45*o + 50. What is the remainder when o is divided by 32?
23
Let r = 4 + -2. Suppose -r*c = -0*k - 2*k + 140, 5*k = c + 70. What is the remainder when 54 is divided by c/(-4)*(-16)/(-20)?
12
Let k = 9 - 7. Let q be (-259)/(-9) + k/9. Suppose 4 - 3 = u, -2*u + q = 3*n. Calculate the remainder when 24 is divided by n.
6
Let j(b) = -8*b**2 - 11 + 18*b**2 + 4*b - 9*b**2. Calculate the remainder when j(6) is divided by 10.
9
Suppose 239 = 6*j + 65. Calculate the remainder when 83 is divided by j.
25
Let k be (6/12)/((-2)/(-12)). What is the remainder when 17 is divided by (1 - k) + (-11 - -20)?
3
Suppose 3*t - 189 = -3*r, 3*t - 2*r - 209 = -r. What is the remainder when t is divided by 14?
12
Let n(c) = 4*c**2 - 18*c - 34. What is the remainder when n(12) is divided by 41?
39
Let m(f) = -f**2 + 8*f + 4. Let n be m(4). Let h = n - -8. Calculate the remainder when 110 is divided by h.
26
Suppose 4*b = -m + 681, 2*b + 2*m = -0*m + 342. Calculate the remainder when b is divided by 43.
41
Let p = 191 - 170. Calculate the remainder when 230 is divided by p.
20
Suppose 0 = 13*i - 2094 - 792. What is the remainder when i is divided by 56?
54
Suppose 2*q - 297 = -m, 4*m - 3*m + 1053 = 7*q. What is the remainder when q is divided by 80?
70
Let p(b) = b**3 - 13*b**2 - b + 15. Let w be p(13). Suppose 12 - 48 = -w*s. Calculate the remainder when 142 is divided by s.
16
Suppose -6*g + 3*g = -2*l - 48, g + 4*l = 16. Calculate the remainder when 622 is divided by g.
14
Suppose 540 = 41*z - 5*z. What is the remainder when 34 is divided by z?
4
Suppose 4*q - 5*a - 375 = 0, -2*a - 12 = 2*a. Suppose 4*x = 3*g + x - q, 5*g - 144 = 3*x. Calculate the remainder when g is divided by 14.
13
Let o(h) = 4*h**2 - 2*h + 2. Let d be 34/(-6)*30/(-2). Let a = -58 + d. What is the remainder when a is divided by o(2)?
13
Suppose -2*y = -27 - 7. Calculate the remainder when 46 is divided by y.
12
Suppose -978 - 1138 = -23*w. What is the remainder when w is divided by 35?
22
Let z be (1 - (-1)/(-2))*10. Suppose z = 3*b - 7. Suppose -82 = -3*f - p, f + b*p - 68 = -f. What is the remainder when 103 is divided by f?
25
Let y(w) = -3*w**2 + 43*w + 20. What is the remainder